6
What is 8 - 5 - (24 - -6 - 1) - 0?
-26
What is 1 - (-1 + 0) - (790 + -802)?
14
Evaluate -4 - (0 + 7 + -13) - 3.
-1
Calculate (-8 - -4) + 13 + -6 - 10.
-7
Calculate -13 + (14 - (11 - 0)).
-10
Evaluate -10 + -17 + 24 + -4.
-7
Calculate -19 + (-33 - (-30 + 7 + 4)).
-33
1 + 7 - (-20 + (42 + -13 - 8))
7
What is (1 - -4) + -5 - 3 - -16?
13
Calculate 2 + 14 + (2 - (34 - 19 - 19)).
22
What is the value of 1 + -11 + (8 - (1 + -2)) - -6?
5
Calculate -6 - (-32 - -15 - -15).
-4
What is (-204 - -217) + -31 + 0?
-18
What is -1 - -18 - (6 - -2)?
9
Calculate (-10 - -8) + (2 - 6 - (2 + 4)).
-12
What is the value of 11 + -47 - (-13 + -19)?
-4
What is the value of (-84 - -59) + 25 + -22?
-22
Evaluate 3 + 1 + (-8 - -8) - (-1 - 1).
6
Evaluate (2 - -13 - 15) + (1 - 5).
-4
What is 19 - (-27 + -1 - (-195 + 182))?
34
-7 - ((7 - 3) + 5 + -21)
5
Calculate 1 + 7 + 8 + -2 + -10.
4
Calculate (-4 - 1 - (14 - 13)) + -9.
-15
Calculate (-4 - -23) + (0 - -4).
23
Evaluate -2 - (48 + -26) - -49.
25
What is the value of 0 - 13 - (-1 - 2)?
-10
Calculate 0 - 7 - (74 + -78) - (-7 - 2).
6
What is -4 + -8 + (-2 - -1) + 0?
-13
(-15 - 6) + 27 + 2 + (-1 - -2)
9
0 - (-1 + (-17 - 4) + (-5 - -1))
26
(-2 - 3) + 0 + 3 + -110 + 114
2
Calculate 160 - 147 - (-1 + 32).
-18
What is the value of (3 - -16) + -16 - (2 + (0 - -2))?
-1
Calculate (-2 - -4) + (20 - 11).
11
45 - (29 + 33 + -15)
-2
Calculate (-19 - -11 - -12) + (5 - 4).
5
What is the value of -21 - (-23 + -4 - -12)?
-6
Calculate -1 + -17 + 323 + -294.
11
10 - ((14 - (-15 + 7)) + (2 - 10))
-4
Evaluate (3 + -5 - -1) + -1.
-2
What is -11 + (1 - 10) + (49 - (21 - -14))?
-6
Calculate -3016 - -3000 - (-6 + (-2 - -1 - 0)).
-9
What is the value of 2 + 6 + (0 + -3 + 10 - 11)?
4
What is the value of (-8 - (-13 - -7)) + -6?
-8
6 + (-7 - 2 - -8)
5
What is the value of -65 + 69 + (-2 - 1) - 16?
-15
What is the value of 12 + (-4 - 0) - (-32 + 34)?
6
What is the value of -4 - (-10 + -9 + 9) - (1 - -3)?
2
What is -2 + (12 - (2 + 2))?
6
What is 2 + 4 + 1 + (1 - 4) - 11?
-7
Calculate 4376 + -4385 + (-2 - (8 + -2) - -2).
-15
Evaluate (24 - 20 - (-4 - -1)) + (-12 - 20).
-25
Calculate 18 + (-1 - 3) - (19 - 17).
12
-3 - (15 - (19 + -9))
-8
What is the value of -7 - (-14 + 12 + (-4 - -2) + -10)?
7
What is the value of 4 + (21 - -2 - 9)?
18
What is (21 - 3) + 11 + -21?
8
What is (-6 - -13 - 16 - 0) + -4?
-13
Evaluate 6 + -1 + -8 + -5 + -11.
-19
Evaluate (44 - 4) + (-6 + 11 + 1 - 11).
35
What is the value of (-10 - (2 + -6 - 10)) + -7 + 4?
1
Evaluate 1 + -9 - (-6 + -5) - (-3 - -4).
2
What is the value of 7 + -39 + 47 + -28?
-13
Evaluate (-14 - -8 - (-5 - 2)) + -7.
-6
Evaluate -1 + (0 + (-1 - 7) - -5) - -32.
28
What is 1 + 25 - (-4 + 2 + (100 - 98))?
26
Evaluate 8 + -9 - 11 - (-42 + 11).
19
20 + -4 + (-1 - 11)
4
What is (-108 - -118) + (-1 - (-2 + -2 + 5))?
8
Calculate (-20 - (9 + -3)) + 11.
-15
What is the value of -5 - ((37 - 7) + 4 + -21)?
-18
Evaluate -203 - -203 - ((-2 - -2) + -19).
19
Evaluate 19 + (11 - -7) + -22.
15
2 - 9 - (17 - (-14 + 30))
-8
Calculate -9 + (-19 - -30 - 7).
-5
What is the value of -9 + -6 + (-8 - -8) + 27?
12
Evaluate 3 - 0 - 5 - (-466 + 487).
-23
126 + -135 - (-1 + 0)
-8
Calculate -87 + 75 - (1 - 31).
18
Calculate 22 + (-4 - (3 + 7 + -4)).
12
-9 + -1 + -3 + 2
-11
Calculate 9 - (-6 - (-8 - -2)).
9
Evaluate 5 + (1 + -2 - (-26 + 23)).
7
What is the value of (11 - 16) + 6 + 11?
12
Calculate -4 + 2 + (-3 - (4 - 3)).
-6
(-10 + 21 - 17) + -6
-12
Evaluate 46 + (-28 - 37) + (-5 + -2 - 1).
-27
Evaluate 4 + (-29 - (-11 - 16)).
2
What is -4 - (5 + -13 + 2)?
2
What is 12 + (-35 - -12) - -18 - 5?
2
What is 3 + -1 + -2 + (6 - 14 - -6)?
-2
Calculate 1 + 6 + -14 + (14 + -15 - -10).
2
What is the value of 40 - (-1 - (0 - 20))?
21
Calculate -3 - (10 - 40) - 9.
18
What is the value of -3 - (-7 + 22 + -4 + -9)?
-5
-4 + (1 + 0 + -5 - -14)
6
13 + 14 + (-7 - 2)
18
Evaluate -2 + -2 + 0 - (19 + 1 + -16).
-8
What is (9 - (12 - 4)) + (83 - 63)?
21
Evaluate 9 + -8 - 16 - -21.
6
Calculate 5 - (-24 - (-7 - 2)).
20
Calculate (-10 - (-9 + 14)) + 28.
13
What is 16 - (-8 + (-33 - -65))?
-8
10 - (36 + 8 - 11) - -3
-20
Calculate -11 - ((-3 - 21) + 3).
10
(-9 - (-2 + (3 - (2 + 4)))) + 5
1
Evaluate 0 + (-3 - (3 - (-10 + 4 - -8))).
-4
Evaluate (-65 - -68) + 1 + 1 + (2 - -4).
11
Evaluate -20 - (0 - (9 + (3 - 0))).
-8
What is the value of -4 - -2 - (-84 - -93)?
-11
Evaluate 17 - (14 - -4 - 5).
4
-11 + 11 + 4 + -3 + 9 + -1
9
What is the value of (-3 - (-7 - 0 - -11)) + 2 + -2?
-7
Evaluate 5 - (-18 - 33 - -29).
27
Evaluate (-19 - (23 + -16)) + 19.
-7
What is the value of 2 - 0 - (-68 + 74)?
-4
What is 13 + -41 + 7 - (9 - 2)?
-28
What is 4 + -4 + -9 + 3 + 12 + 16?
22
-36 - (6 + (-58 - -22))
-6
Calculate -3 - ((4 + -8 - -9) + -3) - 5.
-10
What is the value of -5 + -5 + 0 + (29 - 15 - 11)?
-7
What is the value of -21 + (24 + -5 - 10)?
-12
2 - (6 + -5 + -7 - (5 + -6))
7
Calculate 13 - (8 + -1 + 20).
-14
Calculate 25 - (0 - (11 + -15 + -11)).
10
What is -50 - ((-14 - 8) + -12)?
-16
Calculate 2 + (6 - 15) - -15.
8
Calculate 26 + 1 + -1 + (-55 - (-19 + -29)).
19
Evaluate -16 - (-2 + (7 - 12) + 0).
-9
2 + 24 - (-10 - -19) - 9
8
Evaluate -10 - ((2 - -1) + (-10 - -7)).
-10
Evaluate 2 + 1 + (-6 - 5) + 19 + -1.
10
What is the value of (10 + -2 - (-16 - -20)) + 20 + -3?
21
What is 718 - 721 - (-13 + 2 - -2)?
6
What is 6 + -19 - 7 - -38?
18
What is the value of -3 + (37 - 17) + -3 + 0 + 0?
14
Calculate (10 - 1) + (-30 - -23) + 8.
10
What is the value of 10 + -30 + 15 + -4?
-9
Evaluate (-1 - -2) + (-1 - -7 - (165 + -158)).
0
What is -2 + -2 - ((2 - 11) + (99 - 104))?
10
Calculate -21 + -1 + 0 + (-1 - -4) + 0.
-19
Calculate 0 - ((-5 - (1 - 11)) + 0 + -8).
3
What is the value of (2 - -3 - (-49 + 35)) + -6?
13
Calculate (4 - 0) + 3 - (10 + -21 + 1).
17
What is -9 - (-1 + 0) - (577 + -593)?
8
What is the value of (174 - 181 - (2 + -1)) + 12?
4
What is (7 - 11) + 2 + -2 + (0 - -5)?
1
Calculate 5 - ((-3 - 10) + 13).
5
Evaluate -4 + 2 + -4 + 490 + -491.
-7
What is -47 + 24 + 20 + (-7 - 1)?
-11
What is the value of 5 + (-23 - -15) + 18?
15
What is 0 + 3 + 4 + 13 + -39 + 15?
-4
Evaluate 5774 + -5766 + (0 - 1) + 6.
13
What is the value of (59 - 17) + -16 - 18?
8
7 + -4 + (-43 - -37)
-3
What is the value of -6 - (6 - (4 + 4 + -7 + 10))?
-1
(0 - -7) + 1 + -1 + -169 + 175
13
-55 + 62 + (-1 - 0) + -5
1
-2 + 39 + 444 + -445 + (-5 - 0)
31
Calculate 0 + -1 + -17 + (33 + -70 - -32).
-23
What is -7 + -3 + -5 - -21?
6
Calculate -12 - (-20 - (-10 - -4)) - (1 - 2).
3
(0 - 4) + (-18 - -28) - (3 + 0)
3
What is -27 - (-2 - 10) - 0?
-15
3 + -9 - (57 + -53)
-10
Evaluate (1 - 6) + -39 + 59 + 1 + -8.
8
What is the value of -8 + 28 + -18 + (-2 - 5) + -1?
-6
Calculate 2 + -3 + -1 + 0 + (-46 - -35).
-13
What is -17 - (-8 + (15 - (22 + 8)))?
6
What is 4 + -9 + 0 - (15 - 3) - -4?
-13
Calculate 83 + -61 + (-1 - 12).
9
What is (-7 - -2) + 0 + 1 + (9 - -1)?
6
What is 67 + -85 - ((-7 - -4) + 6)?
-21
Evaluate (-18 - -10) + -3 + 21 + 0.
10
What is the value of -1 + 13 - (-1268 - -1270)?
10
What is the value of 20 - 1 - (-3 - (-10 - 0))?
12
What is the value of 6 + (17 + 2 - 45)?
-20
Calculate (-1 - (2 + 1)) + (-20 - -21).
-3
What is the value of 28 - ((-17 - -6) + 24)?
15
Evaluate 0 + 24 + -20 - (-9 + -2).
15
What is -1 - (0 + 2 - (-51 + 51) - 11)?
8
Calculate -5 - (1 + (-10 - -2)) - (4 + -2).
0
Calculate -2 - (-10 - -6) - -1.
3
What is -16 + -14 + 11 + 20 + 16?
17
Evaluate -15 - (-36 + 11 + 6).
4
Calculate 26 + (-2 - (-9 + 0 + 6)) + -5.
22
Calculate -4 + 6 + -2 - (-15 - -8) - -1.
8
What is -394 - -379 - (3 - 36)?
18
Calculate -1 + 5 + -5 + -3 - -1.
-3
What is -14 + 8 + 1 + -6 - 1?
-12
3 - (22 + (1 - -2) + (-7 - 2))
-13
What is the value of (-39 - -36) + 17 - (1 - 16)?
29
What is the value of 20 + (3 - ((-5 - 5) + 13))?
20
What is (-3 - -10) + (-29 - (-4 - 12))?
-6
What is the value of (-21 - -12 - -26) + -16?
1
Calculate -9 + 5 + 8 - -8.
12
47 + (-39 - 28) + -2 + 10
-12
What is the value of -1 - 7 - (-39 - -37 - 2)?
-4
What is (-157 + 166 - (20 - 1)) + -3?
-13
What is the value of (13 - -1) + -209 + 195 - -15?
15
What is -4 - (-12 + -8 + 4 + 12)?
0
Calculate -12 - (-38 + (39 - -3)).
-16
-11 + 5 + 7 + -9 + 29
21
-12 + 11 + -1 + 2 + 11
11
Evaluate -11 + 18 + -13 + (22 - -1) + -1.
16
What is -3 - (-16 - (2 - 10) - -13)?
-8
What is